Is 196 a factor of 112577897?
False
Is 727 a factor of 35309663?
True
Is 8 a factor of 308811704?
True
Is 130 a factor of 715289380?
True
Does 407 divide 37282421?
True
Is 202 a factor of 47600050?
False
Is 113 a factor of 731983264?
True
Is 24162002 a multiple of 325?
False
Does 123 divide 133640002?
False
Does 404 divide 216833668?
True
Is 838410678 a multiple of 17?
False
Is 259088507 a multiple of 305?
False
Does 46 divide 1328476624?
False
Is 101 a factor of 592355958?
False
Is 7 a factor of 22200829?
True
Is 9694515 a multiple of 74?
False
Is 12 a factor of 45835854?
False
Is 163 a factor of 33507258?
True
Does 22 divide 4624844465?
False
Is 1347393264 a multiple of 4944?
True
Does 4029 divide 292191138?
True
Is 46 a factor of 657262720?
True
Is 27 a factor of 275910813?
True
Is 17 a factor of 90424547?
True
Does 12 divide 22080916?
False
Is 12904404 a multiple of 674?
True
Is 578 a factor of 1227588209?
False
Does 60 divide 8116650?
False
Is 13 a factor of 9934790?
False
Does 188 divide 495404733?
False
Does 16 divide 80869265?
False
Is 19 a factor of 107766460?
False
Does 74 divide 206612142?
False
Does 625 divide 25990625?
True
Is 155058830 even?
True
Is 10190080 a multiple of 190?
True
Is 927 a factor of 46993575?
False
Does 9 divide 275324855?
False
Is 218592780 a multiple of 699?
False
Is 45 a factor of 15584130?
True
Does 23 divide 19477251?
True
Is 335 a factor of 22757680?
False
Does 61 divide 198534748?
True
Is 569 a factor of 35258654?
True
Is 1538 a factor of 131675869?
False
Is 10431355 a multiple of 55?
True
Is 69 a factor of 222838643?
False
Is 7473 a factor of 1021992534?
True
Does 97 divide 9002074?
False
Is 5706883 a multiple of 175?
False
Is 21 a factor of 35907459?
True
Is 1592118 a multiple of 102?
True
Is 34150212 a multiple of 102?
True
Does 603 divide 598824709?
False
Is 155420961 a multiple of 5?
False
Is 11 a factor of 394486026?
True
Is 268422252 a multiple of 14?
True
Does 7639 divide 2226635312?
False
Is 480321526 a multiple of 1888?
False
Is 174189168 a multiple of 8?
True
Is 4289 a factor of 95828553?
False
Is 22 a factor of 27317136?
True
Does 65 divide 491660?
True
Does 589 divide 46853183?
True
Is 2181 a factor of 3238209411?
False
Does 1738 divide 798970766?
True
Does 90 divide 60106420?
False
Does 353 divide 336447124?
True
Is 376864096 a multiple of 112?
True
Does 6063 divide 72343716?
True
Does 1957 divide 12542628?
False
Does 1342 divide 815721280?
True
Does 17 divide 408142001?
True
Is 270811664 a multiple of 73?
False
Is 641982838 a multiple of 1763?
False
Is 1045086902 a multiple of 11?
False
Is 609395678 a multiple of 94?
False
Does 51 divide 206890047?
False
Is 32224374 a multiple of 275?
False
Does 6 divide 571030074?
True
Does 114 divide 14655498?
True
Does 124 divide 11529161?
False
Is 16 a factor of 71525617?
False
Is 172408720 a multiple of 10?
True
Does 33 divide 387735843?
True
Is 6 a factor of 352623269?
False
Is 410 a factor of 23378610?
True
Does 542 divide 654762975?
False
Is 1053186382 a multiple of 1008?
False
Does 1162 divide 97146540?
False
Does 94 divide 3550266888?
False
Is 17350423 a multiple of 10?
False
Is 177175635 a multiple of 265?
False
Is 152 a factor of 28065336?
False
Does 549 divide 23803542?
True
Does 1528 divide 2560092184?
True
Does 41 divide 12260886?
True
Is 165 a factor of 658127250?
True
Is 99 a factor of 17663283?
True
Is 7509 a factor of 800429789?
False
Is 35183834 a multiple of 120?
False
Does 394 divide 18026111?
False
Does 56 divide 123285887?
False
Does 33 divide 42740775?
True
Is 829533715 a multiple of 338?
False
Is 76 a factor of 14204932?
True
Is 1062205938 a multiple of 1020?
False
Is 2191567584 a multiple of 29?
True
Is 449429862 a multiple of 1196?
False
Does 2933 divide 75745217?
False
Is 19449486 a multiple of 37?
False
Is 58 a factor of 75835595?
False
Is 53041392 a multiple of 36?
True
Is 689 a factor of 405534376?
True
Is 25470878 a multiple of 20?
False
Is 24 a factor of 1341545136?
True
Is 139 a factor of 20606055?
True
Does 460 divide 706063200?
True
Is 217365239 a multiple of 91?
True
Is 3 a factor of 928468765?
False
Does 66 divide 529350220?
False
Does 36 divide 34144704?
True
Is 429 a factor of 69963246?
False
Is 171 a factor of 191496060?
True
Is 28 a factor of 11640272?
True
Is 5788058 even?
True
Is 13 a factor of 28517338?
False
Is 12 a factor of 12450228?
True
Does 68 divide 5023909632?
True
Is 8849149 a multiple of 1565?
False
Is 278711314 a multiple of 2369?
False
Is 15 a factor of 3113955?
True
Is 3795024 a multiple of 4?
True
Is 303 a factor of 243565270?
False
Does 1065 divide 663622800?
True
Is 73176015 a multiple of 19?
False
Is 162 a factor of 301847634?
True
Is 450 a factor of 343705050?
True
Is 316 a factor of 17202092?
True
Does 10 divide 4796563?
False
Does 195 divide 20998741?
False
Does 796 divide 2321212004?
False
Is 638 a factor of 24326158?
False
Is 7 a factor of 1699023?
False
Is 33 a factor of 701872405?
False
Is 801664757 a multiple of 6564?
False
Is 13 a factor of 1165867312?
False
Is 63032528 a multiple of 67?
True
Is 2523685494 a multiple of 274?
True
Is 73900379 a multiple of 286?
False
Is 17549145 a multiple of 12?
False
Does 881 divide 223107149?
False
Is 107 a factor of 4267588?
True
Is 88 a factor of 17869808?
True
Is 9 a factor of 54914400?
True
Is 2222251458 a multiple of 227?
True
Does 132 divide 78594372?
False
Is 26 a factor of 15753504?
True
Does 8 divide 30144248?
True
Does 958 divide 85634662?
True
Is 46 a factor of 694646?
True
Does 142 divide 1771392774?
True
Does 1748 divide 59088150?
False
Is 24668970 a multiple of 75?
False
Is 319 a factor of 217084285?
True
Is 4 a factor of 35463740?
True
Does 742 divide 98611324?
False
Is 77450296 a multiple of 28?
True
Is 23505846 a multiple of 273?
True
Is 193 a factor of 53678704?
True
Is 213 a factor of 35401665?
True
Does 11 divide 432255259?
False
Is 258534975 a multiple of 1095?
True
Is 72978840 a multiple of 24?
True
Does 23 divide 1143111388?
False
Is 439896880 a multiple of 3440?
True
Is 173 a factor of 2566164577?
False
Is 15362000 a multiple of 775?
False
Is 35 a factor of 3794789775?
True
Does 245 divide 1087359980?
True
Is 22 a factor of 94399162?
True
Does 12 divide 830169540?
True
Is 2048 a factor of 199018571?
False
Does 85 divide 158001627?
False
Does 673 divide 200131356?
True
Is 14 a factor of 45757241?
False
Is 156 a factor of 423431071?
False
Does 45 divide 89105130?
True
Does 2740 divide 3617100503?
False
Is 19666318 a multiple of 249?
False
Does 102 divide 2058750873?
False
Is 416 a factor of 5471648?
True
Does 48 divide 2936792344?
False
Does 1293 divide 1213089748?
False
Is 4557 a factor of 33015465?
True
Is 44706722 a multiple of 8?
False
Does 1945 divide 192751445?
True
Does 105 divide 96815460?
True
Does 57 divide 927517585?
False
Is 46 a factor of 7397866?
False
Is 806047631 a multiple of 2?
False
Is 1486346 a multiple of 23?
False
Is 33 a factor of 78525447?
True
Is 210 a factor of 3063981538?
False
Does 1332 divide 57276452?
False
Is 16762476 a multiple of 34?
True
Is 1170586764 a multiple of 5904?
False
Does 2744 divide 391120794?
False
Is 47 a factor of 47107301?
True
Does 596 divide 109367192?
True
Does 21 divide 110502441?
True
Does 139 divide 59145890?
True
Is 36 a factor of 777781476?
True
Is 75762971 a multiple of 25?
False
Does 209 divide 21572771?
True
Is 384 a factor of 1068845184?
True
Does 134 divide 2300117647?
False
Is 120 a factor of 556145520?
True
Is 690003380 a multiple of 1738?
True
Is 76041123 a multiple of 13?
False
Does 6 divide 1561896?
True
Is 1094 a factor of 2265863262?
True
Is 47 a factor of 213118520?
False
Is 528778446 a multiple of 334?
True
Does 16 divide 13915280?
True
Does 1298 divide 241357269?
False
Is 4647596076 a multiple of 54?
True
Does 31 divide 26577168?
True
Is 142172223 a multiple of 175?
False
Does 9071 divide 1598503971?
False
Does 890 divide 1034527990?
True
Does 64 divide 17721600?
True
Is 49 a factor of 195233493?
True
Does 4780 divide 2973246696?
False
Is 25015872 a multiple of 48?
True
Does 12 divide 366325?
False
Does 59 divide 107497705?
True
Is 646 a factor of 8863766?
True
Does 263 divide 157021257?
True
Does 6 divide 694940?
False
Is 914 a factor of 3644053868?
Fal